by c(o)?
7
Suppose -77 = 4*w - 11*w. Let n(b) = 41*b**3 + b**2. Calculate the remainder when n(1) is divided by w.
9
Let j = -14 - -103. What is the remainder when j is divided by 13?
11
Let g(i) = -29*i - 262. Suppose -4*c + 45 = -c. Calculate the remainder when g(-11) is divided by c.
12
Let b = 12 - -42. Suppose -2*q = -5*s + 72, -2*s + 6*s - 2*q - 58 = 0. Calculate the remainder when b is divided by s.
12
Suppose -p + 195 = 2*p. Calculate the remainder when p is divided by 11.
10
Let x = 4 - 2. Let l(r) = 6*r + 1. Let w(m) = -2*m + 1. What is the remainder when l(x) is divided by w(-2)?
3
Let v(k) = 12*k**2 + 2*k - 5. Let p(w) = w**3 - 2*w**2 - w - 3. Calculate the remainder when v(-3) is divided by p(4).
22
Let f(g) = -g**2 - 13*g - 7. Calculate the remainder when f(-6) is divided by 19.
16
Let d = -85 + 91. Calculate the remainder when d is divided by 2.
0
Let h(v) = 30*v**2 - 3. Let n be h(-2). Suppose 5*u - k - n = 0, 5*k - 135 = -2*u - 3*u. Calculate the remainder when 46 is divided by u.
22
Suppose 0 = -5*y + 4*l + 148, 2*y + y + 4*l = 108. Calculate the remainder when 60 is divided by y.
28
Let n(r) = 3*r**2 - 2*r + 1. Let q be n(1). Suppose 0 = -q*u - 5 + 17. What is the remainder when u is divided by 4?
2
Let b = 184 + -130. Let k = 6 - -5. Calculate the remainder when b is divided by k.
10
Let g = 9 + -5. Suppose -90 = -4*m - 3*y, -m + 4*y + 97 = g*m. What is the remainder when m is divided by 11?
10
Suppose 0 = 5*q - 1 - 294. Calculate the remainder when q is divided by 15.
14
Let c(g) = 5*g**2 + g - 1. Let a be (2/4)/((-9)/(-18)). Calculate the remainder when 17 is divided by c(a).
2
Suppose -26 + 6 = 2*d - s, s = 0. Let n = d + 29. What is the remainder when n is divided by 7?
5
Let o = 11 + -9. Calculate the remainder when (4/6)/(o/174) is divided by 15.
13
Suppose 30*y = 34*y - 56. Suppose -2*b - 2*x + 7 = -3, b + 3*x - 11 = 0. Suppose b*h = -h + 15. What is the remainder when y is divided by h?
4
Let r(x) = 10*x - 5. Let f be r(9). Suppose -f = -8*w + 3*w. What is the remainder when 50 is divided by w?
16
Suppose 5*w + 317 = 4*t - 94, 5*t - 3*w - 504 = 0. What is the remainder when t is divided by 17?
14
Suppose -2*h + 4*h = -56. Let a = -12 - h. Let d = -7 + 13. Calculate the remainder when a is divided by d.
4
Let y = 6 + -5. Suppose -5*q + k + 12 = -4*q, 0 = -k + y. What is the remainder when 24 is divided by q?
11
Let u(w) = -23*w. Suppose -y + 0 - 7 = 3*p, -16 = 4*y. What is the remainder when u(p) is divided by 12?
11
Suppose 3*x - 6*g + 178 = -g, 4*x - 4*g + 232 = 0. Let t = -32 - x. Suppose -f + 2*f - 3 = 2*z, 4*f + z = 57. Calculate the remainder when t is divided by f.
11
Let l = -128 + 181. What is the remainder when l is divided by 14?
11
Suppose -14*o = -10*o - 204. What is the remainder when o is divided by 28?
23
Calculate the remainder when 35 - (1 - (-3 - -1)*1) is divided by 0 + 2*-1 + 19.
15
Let i = 20 + 13. What is the remainder when i is divided by 18?
15
Let h(y) = 139*y - 6 + 2 - 2*y. Let x(f) = 34*f - 1. Let u(m) = 2*h(m) - 9*x(m). What is the remainder when u(-1) is divided by 9?
6
Let d = 4 + 1. Calculate the remainder when 12 is divided by d.
2
Suppose -65 = -3*d + 2*r, -4*d - 41 + 129 = -4*r. What is the remainder when 143 is divided by d?
17
Suppose 5*l = 3*l + a - 10, 4*l + 2*a + 28 = 0. Calculate the remainder when 78 is divided by (-2)/l*3 + 26.
24
Suppose -j + 129 = 2*j. Calculate the remainder when j is divided by 15.
13
Suppose 0 = -123*s + 126*s - 33. What is the remainder when 93 is divided by s?
5
Let u(i) = i**2 + i + 1. Let r be u(-2). Suppose 0 = f + r - 12. What is the remainder when f is divided by 5?
4
What is the remainder when ((1 - (-5 - -2)) + 107)*1 is divided by 30?
21
Let u be (0 - -4) + 2/1. Let z(l) = -l + 1. Let m(s) = 2*s - 1. Let n(k) = -4*m(k) - 9*z(k). What is the remainder when 2 is divided by n(u)?
0
Let q(p) = -29*p - 2. Let i(n) = -14*n - 1. Let m(b) = 13*i(b) - 6*q(b). Calculate the remainder when 11*(1 - 0) - -1 is divided by m(-1).
5
Let p(n) = -n**3 - 9*n**2 - 9*n. Let t be p(-8). Let j = 12 - t. What is the remainder when 67 + 3/(j - 1) is divided by 23?
22
Let u = 8 + -1. Calculate the remainder when u is divided by 4.
3
Let x = 20 - 17. Suppose 4*n = 3*n + 2. What is the remainder when x is divided by n?
1
Let b(v) = -v**2 + 11*v - 6. Calculate the remainder when 70 is divided by b(8).
16
Suppose -3 = 2*n + 1. Let p = -2 - n. Suppose p*c + 64 = 4*c. Calculate the remainder when c is divided by 9.
7
Let i = -8 + 7. Calculate the remainder when 17 is divided by 1/(i/(-9))*1.
8
Let m be 3/6 + (-117)/(-6). What is the remainder when -1 - (1 - (m + -1)) is divided by 9?
8
Suppose -5*c + 90 = 5*m, -7 = -4*m - 3. Calculate the remainder when c is divided by 10.
7
Suppose 4*d - 4 = 0, 0 = y + 3*y - d + 1. Suppose -5*j + y*j + 305 = 0. What is the remainder when j is divided by 21?
19
Let w(l) = l**2 + 2*l - 4. Let q be w(5). Let h = 45 - q. What is the remainder when h is divided by (-28)/(-6) + (-1)/(-3)?
4
Let r(m) = -m**2 - 12*m - 20. Let k = 51 - 4. What is the remainder when k is divided by r(-8)?
11
Let v(q) = q**2 + 6*q - 2. What is the remainder when 54 is divided by v(-7)?
4
Suppose -3*i - p = -2*i - 12, 3*i = -5*p + 40. Let d = i - 7. What is the remainder when d is divided by 2?
1
Suppose h + k = 7, 5 = -k - 0*k. Calculate the remainder when 57 is divided by h.
9
Suppose 0 = -0*w - 3*w. Let h = w - -8. What is the remainder when h is divided by 3?
2
Let m(k) = -k**2 + 2*k + 3. Let p(u) = 3*u**2 - 5*u - 5. Let z(n) = 5*m(n) + 2*p(n). What is the remainder when z(4) is divided by 8?
5
Let f(i) = -29*i**3 - i**2 - i. What is the remainder when f(-1) is divided by 15?
14
Suppose -4*o + 0*z = -4*z + 128, -5*o = -z + 164. What is the remainder when 8 is divided by o/(-5) - (-51)/(-85)?
2
Let r be 5 + -3 - (1 + 1). Suppose 3*t + 0*t - 6 = r. Calculate the remainder when t is divided by 2.
0
Let z = 204 - 136. Calculate the remainder when z is divided by 24.
20
Let a = 7 + 0. What is the remainder when 3/(-8) + (-406)/(-16) is divided by a?
4
Let d(i) = 1 - 6 - 4*i + 2 + 2. Calculate the remainder when d(-5) is divided by 7.
5
Suppose -47 = -4*o + 2*h + 29, -121 = -5*o - 4*h. Calculate the remainder when o is divided by 11.
10
Suppose 0 = 5*j - j - 4*u - 8, -4*u = -2*j + 2. Let c(i) = -i**3 + 5*i**2 + i + 1. What is the remainder when c(5) is divided by j?
0
What is the remainder when 132 is divided by (-56)/(-3) + (-14)/(-42)?
18
Let y(b) = -2*b**2 - b. Let g be y(-3). Suppose 3*k - 2*o = -141, -8*o - 168 = 4*k - 4*o. Let z = g - k. What is the remainder when z is divided by 16?
14
Suppose -3*j - 2*i - 18 = -7*j, -j + i + 2 = 0. What is the remainder when 33 is divided by j?
5
Let w(q) be the third derivative of q**5/60 - q**4/12 + 2*q**2. Suppose -c - 16 = -5*c. What is the remainder when w(c) is divided by 3?
2
Let x be (16 - 0)*6/8. What is the remainder when -2 - (-1)/1*x is divided by 4?
2
Suppose 0 = 4*i - 5*i + 32. Suppose -4*n = -162 + 30. Let g = n - 22. What is the remainder when i is divided by g?
10
Suppose u - g = 5*u - 228, 3*u - 162 = -3*g. Calculate the remainder when u is divided by 20/((-2 - -2) + 1).
18
Let j be (-465)/(-12) + (-2)/(-8). What is the remainder when -3 - -1 - j/(-3) is divided by 3/3*-7*-1?
4
Suppose -4*r + 16 = y + y, -17 = -5*r - 4*y. Calculate the remainder when 23 is divided by (-3 - r)/(-1*1).
7
Let x = 10 + -2. Let w be (-12)/(-10)*(-50)/15. Let z(n) = -n**3 - 4*n**2 - 5*n + 2. What is the remainder when z(w) is divided by x?
6
Let y be (-4)/(-18) - (-38)/(-9). Let w(u) = u**2 - 3. What is the remainder when 37 is divided by w(y)?
11
Let p(i) = i**3 + 5*i**2 - 3*i + 6. Let d be p(-5). Let a = d + -1. What is the remainder when a is divided by 11?
9
Let n = -25 - -52. Calculate the remainder when n is divided by 6.
3
Let k(n) = n - 2. Let r be k(1). Let q = r + 7. Suppose l + q = 2*l. Calculate the remainder when l is divided by 4.
2
Suppose y = -y - 2, -c + 24 = -y. What is the remainder when 66 is divided by c?
20
Let x(k) = -k**3 + 6*k**2 + 17*k + 1. Calculate the remainder when 42 is divided by x(8).
6
Suppose 5*o + 10 = 5*i, 0 + 2 = -i + 3*o. What is the remainder when i is divided by -2 + 8 + (-6)/2?
1
Let u = 